 + (-7 - -8) + -1?
1
What is the value of -1 - (-8 - (-7 + 3))?
3
Calculate 4 + (0 - -2) + 5 + -9.
2
1 + -4 - (-23 - (-18 + -9))
-7
What is 4 - (3 - -4) - -1?
-2
Calculate (-15 - -14) + (-3 - -1).
-3
What is the value of -1 + -1 - (-12 - (-1 + -5))?
4
What is 4 + -15 + 13 + -1?
1
Evaluate 9 + (-2 + -3 - -6 - 7).
3
What is the value of 8 + -1 - (3 + 0 + 3)?
1
What is -3 - ((0 - 2) + 4 + -4)?
-1
0 - (1 + 2 - 3)
0
What is the value of -2 - (3 + -5 + 5)?
-5
What is the value of (-1 - 2) + 46 + -40?
3
Evaluate -4 - (0 + -16 + 5 - -1).
6
What is -1 + (-1 - -1) + (-1 - 2)?
-4
Evaluate -1 + -4 - (-6 - (-3 + -2)).
-4
Evaluate -1 + (-2 - -5 - 3 - -1).
0
Calculate -1 - -7 - (51 + -42).
-3
What is the value of 19 - 12 - (1 + 8 + -3)?
1
Evaluate (-2 - -4) + -1 + 3.
4
What is the value of 8 + 4 + -7 - (-2 - -1)?
6
What is -8 - (-5 + -2) - (-2 - -3)?
-2
Calculate 8 - (0 + 0 + (-6 - -9)).
5
What is (-16 - -8) + 5 + 5?
2
Evaluate 4 + (0 + -1 - 2).
1
Calculate -1 - (-1 - -4 - 5 - -3).
-2
What is (-9 + 3 - -4) + 3?
1
Evaluate -1 + 6 + -14 + (2 - -12).
5
What is the value of (2 - 3) + 0 + 0 + -1?
-2
What is the value of 1 + 10 + -2 - 3?
6
Evaluate -3 - ((-5 - -5) + -2 + 5).
-6
(-6 - -6 - -2) + -1
1
What is -9 + (0 - -10 - 2)?
-1
Evaluate (-6 - 3) + -2 + 13.
2
Calculate 3 + -1 + 6 - (-10 + 19).
-1
What is 2 - (-2 - -13 - (-55 - -58))?
-6
(-1 - -4 - (6 - 0)) + -2
-5
Calculate 4 + (-2 - (-3 + 0 - 0)).
5
Calculate -28 + 8 + 3 + (10 - 2).
-9
What is the value of (-4 - -7) + 1 - (3 - 0)?
1
What is -6 + (3 + -1 - -1)?
-3
0 - (6 + -6 + 4)
-4
What is the value of 1 - (1 - (-1 + -1) - -7)?
-9
Calculate -6 + (0 - -5) + -3 + 11.
7
What is -4 + -2 + (15 - 8) - -6?
7
-6 - -8 - 7 - 1
-6
What is (-1 - 0) + -2 + (11 - 11)?
-3
What is 2 + (-3 - -9 - 11)?
-3
What is 1 + (-13 - -14) + -3?
-1
What is 8 + -3 + -5 + 2?
2
Calculate -17 - -18 - (7 - 2 - 0).
-4
Evaluate -2 - (-6 + 7 + 4 + -1).
-6
Calculate -1 + (-1 + 0 - 3) + 2.
-3
Evaluate -4 - ((-5 - -6) + -2).
-3
What is the value of (1 - -1) + (21 - (20 - 7))?
10
What is the value of (-4 - (-10 + 6) - 5) + 2?
-3
What is (1 - 2) + 5 + -1?
3
What is the value of 12 + -4 + -7 + -1 + -8?
-8
1 + (0 - 2) - (-8 - -14)
-7
-3 + 5 + -1 - (-2 - -1)
2
18 + -30 + (5 - -1)
-6
-5 + -3 + -3 + 3 + 4
-4
What is (20 - (5 - (4 - 4))) + -8?
7
Evaluate -8 + (-10 - -7 - -10) - -7.
6
(10 - (1 + 4)) + -8
-3
What is the value of 0 + 0 + (12 - 9)?
3
Calculate (2 + -1 + 1 - 1) + -5.
-4
Calculate 1 - (-6 + 9) - 2.
-4
Evaluate 5 - (-6 + 15 + 1).
-5
What is the value of 7 - (1 - 1) - (299 - 292)?
0
-7 + 0 - (8 + -14)
-1
What is -1 + -5 + 9 + (2 - 1)?
4
What is 5 + -4 + (11 - 9)?
3
Evaluate 1 + -16 + (32 - 24).
-7
What is the value of 9 - (-13 - -6) - 7?
9
Evaluate -57 + 62 + (1 - 2) + -7.
-3
Evaluate (-14 + 7 - (-1 - 8)) + -4.
-2
Evaluate -2 - (7 + -2 + -7 + 5).
-5
Evaluate 5 + -7 - -2 - 0.
0
Calculate 0 + 6 + 1 + -2 + -2.
3
What is (-9 - (-15 + 6 + 5)) + -1?
-6
What is the value of -9 + 3 + -17 + 13?
-10
15 - (-14 - (-29 + 1))
1
What is 7 - -10 - 14 - (-1 - 2)?
6
Evaluate (4 + -2 - -2) + (-3 - 0).
1
Evaluate (-3 + -4 - 1) + 6.
-2
What is 1 - 3 - 1 - (-217 - -225)?
-11
Calculate (-1 - (0 - 3) - 1) + 1.
2
What is the value of (37 - 28 - (-1 - -4)) + 4?
10
What is the value of -1 - -1 - (-2 + 9 + -4)?
-3
What is -5 + 0 + 17 + (-8 - 4)?
0
7 + -7 + 11 + -8 - -4
7
What is 13 - ((11 - -11) + -7)?
-2
What is -3 + 8 + -5 + 1?
1
Evaluate -5 - ((-1 + 4 - 2) + -1).
-5
-1 + 5 + -5 + -2
-3
What is the value of -1 + -5 + 3 - (10 - 9)?
-4
Evaluate 5 + -5 + -5 - -1.
-4
Evaluate (8 - -1) + -59 + 60.
10
Evaluate (-1 - 2 - -1) + (1 - 1).
-2
-2 + -3 + 3 - (-13 - -6)
5
Evaluate 18 + -2 + 3 + -14.
5
Calculate 11 - (0 + 8 + -2).
5
What is -1 + -2 - (-7 + (2 - -2))?
0
13 + -8 - 12 - -11
4
Evaluate 9 + -1 + -14 + 6.
0
Evaluate (11 - (-1 - -5)) + -6.
1
(-2 - 0) + 20 + -18
0
What is 4 - -1 - -2 - 3?
4
What is the value of (-10 - -6) + (5 - -2) + -1?
2
Evaluate 4 - (6 - (6 - (5 - 3))).
2
What is the value of 6 - (-5 + (6 - (-1 - -6)))?
10
Evaluate 1 + 0 - (-1 + 0).
2
8 - (1 + 2 + 3 + -2)
4
Evaluate 1 + -2 + (-2 - 0) + -1.
-4
Evaluate 11 - (-6 - (-4 - 19)).
-6
0 + 3 + -4 + 4
3
Evaluate (-2 - -5) + -5 + 5 - 1.
2
What is the value of 37 - 43 - (-1 - 11)?
6
What is 3 - (0 - (-3 + (2 - -3)))?
5
What is the value of 10 - (9 + (9 - 3))?
-5
What is the value of 5 + -3 + -4 - -6 - 10?
-6
What is -9 + (8 - 7) - -14?
6
What is -3 + (-4 - -17) + -5?
5
What is the value of 5 - ((-5 - 0) + 2 + 6)?
2
Evaluate -8 + 1 + 0 + -230 + 230.
-7
Evaluate (8 - (9 + -8)) + -12.
-5
What is the value of (-17 - -8) + 6 + 6?
3
Calculate (3 - (0 - -9) - -4) + 3.
1
What is 3 + (-1 - -6) + -9?
-1
What is the value of 14 - 5 - (2 - -2)?
5
Evaluate (4 - 0) + -13 + (4 - -7).
2
What is (7 - 3) + 3 + -3?
4
What is the value of (-4 - (-8 + 3)) + -6?
-5
Evaluate -2 + 5 + 1 + (1 - 4).
1
What is -4 - ((2 - 12) + 2) - 6?
-2
(1 - 4) + 2 - 3
-4
Evaluate 3 + -5 + (1 - (4 - 2)).
-3
What is the value of 10 + -7 - (4 + 1)?
-2
Evaluate 1 - 1 - (6 + (-4 - -3)).
-5
What is the value of -2 - -4 - (2 - -5)?
-5
-22 + 6 + 8 - -12
4
What is (-2 - 0) + 12 + (-5 - 3)?
2
-6 + -2 + 3 - (-3 - -2)
-4
-3 - (4 + -3 - 2) - -3
1
What is the value of 5 - (-3 - -5) - 4 - 4?
-5
(7 - (-7 + 29) - -8) + 7
0
Evaluate -2 + 14 + -6 - (1 - -3).
2
Calculate 0 + (-8 - -2) + 1.
-5
Evaluate (5 - -1) + (-7 - (-7 + 2)).
4
Evaluate (9 - (-12 - -6)) + -6.
9
(-15 - -7) + 4 - -1
-3
Calculate -4 + (-2 - (2 - 6)) - 3.
-5
What is (9 - 8) + 6 - 0?
7
Evaluate -3 + (6 + -7 - -8).
4
Calculate (2 - 2 - 6) + 1 + 3.
-2
Calculate 1 - (2 + -1) - (-62 - -58).
4
Evaluate -8 + (8 + -6 - -6) - -3.
3
What is the value of 5 - (-1 - (-6 + -2))?
-2
What is (6 - (-2 + 7)) + 3?
4
What is the value of 15 + -15 + 11 - 3?
8
What is 1 - -2 - (93 + -82)?
-8
Calculate (16 - 12 - 9) + (0 - -2).
-3
Evaluate -3 + (1 + (-2 - 1) - -3).
-2
Evaluate -7 + 1 + (6 + 3 - 9).
-6
Calculate 24 + -22 - (1 - -1 - 0).
0
Calculate -1 - (-4 - 2 - (11 + -6)).
10
Evaluate 4 + (0 - 1) + -11 + 11.
3
Evaluate -1 - -3 - (3 + -2) - -1.
2
Evaluate -8 - (-1 - (20 + -11)).
2
Calculate -5 + (-3 - -4 - 0) + -2.
-6
Calculate (6 - (6 + -6)) + 0 - 11.
-5
3 - (6 - (-3 - -3))
-3
Evaluate -12 - (-3 - -6 - 9).
-6
2 + (5 + -8 - (-1 - 2))
2
Evaluate -60 + 51 + 3 + -4.
-10
4 + -17 + 6 + 3
-4
What is the value of -4 - 1 - ((19 - 2) + -18)?
-4
Calculate (1 - (0 - 1)) + (3 - 1).
4
Evaluate -8 + 0 - (-4 + -4).
0
What is the value of 2 - (-8 + 4 + 0)?
6
Calculate -5 + -6 + 8 + 0 + -6.
-9
What is -2 - (0 + -3 + -2)?
3
Calculate 7 + 2 + -2 + 2.
9
What is the value of -3 + 8 - (1 - -1)?
3
Evaluate -22 + (-12 - -21) + 5.
-8
Calculate -22 - ((5 - 8) + -8).
-11
Calculate (2 - 4) + (3 - (1 + -3)).
3
Calculate 13 - (-2 - -1 - (18 + -25)).
7
Evaluate (-1 - 5) + (6 + -2 - -1).
-1
What is 0 - (2 + -5) - 6?
-3
Evaluate -7 + 0 + 6 + (0 - -5).
4
What is the value of (2 - 1) + -5 + -1 + 1?
-4
1 - (-1 + 2) - (-63 - -67)
-4
(10 - (3 - -2)) + (0 - 0)
5
Evaluate (11 - 8 - -4) + -3.
4
What is -7 + -1 + -3 + 7?
-4
Evaluate -5 + ((0 - 0) + 0 - -4).
-1
What is the value of (17 - 11) + -1 + (1 - 4)?
2
What is -8 - (1 - 4) - 2 - -2?
-5
What is the value of (0 - -1) + 1 - (245 + -243)?
0
Calculate 5 - (1 + (1 - 0)) - 2.
1
Calculate -6 + (-3 - -3 - -6).
0
What is -8 + (-4 - (-10 - (-4 + 1)))?
-5
What is -2 - (-4 - (-1 - 2 - 0))?
-1
(0 - -1) + (-16 + 15 - -3)
3
Calculate -57 - -67 - (15 + -2).
-3
Calculate (-6 - -1 - (-6 - -5)) + 2.
-2
Evaluate -8 + 0 + 10 - (1 + -1).
2
(10 - 3) + 3 + -8 + -1
1
What is 2 + (-3 - -5) - 0?
4
What is the value of -1 + 12 + -14 - (-3 + 0)?
0
What is the value of (8 - 6 - -2) + -6 - -5?
3
Calculate (-1 - -2) + (1 - (-1 - 2)).
5
Evaluate -6 - (-5 - -5) - (2 + -2).
-6
What is 2 + 5 - -2 - (1 - -4)?
4
What is the value of (0 - 0 - (-5 - -5)) + -5?
-5
-16 + 20 - (-5 - -17)
-8
What is the value of 1 + (9 - 3) + -4?
3
Calculate 3 + -4 + 5 + 0 - 0.
4
-22 - -17 - (-8 + 0 + 2)
1
Evaluate 1 + -2 + -4 - -11 - 6.
0
Calculate -5 - -7 - (4 - 4).
2
Calculate -3 + -1 + 3 + (6 - 0).
5
What is (-8 - (-6 + 1)) + 5?
2
(-2 - -10 - 10) + 10
8
Evaluate -5 + 0 + -3 + 5.
-3
Evaluate (11 - 4) + -8 + -3.
-4
Calculate (-5 + 0 + 2 - 3) + 0.
-6
What is the value of 0 + (-3 - -2) + -3 + 8?
4
-5 + 6 - 1 - (0 - -2)
-2
Evaluate -6 - (1 + 4 - (24 + -15)).
-2
What is the value of